{"id":868,"date":"2015-08-03T08:12:45","date_gmt":"2015-08-03T06:12:45","guid":{"rendered":"http:\/\/www.urig-naturig.com\/it\/datenschutz\/"},"modified":"2016-07-29T12:26:48","modified_gmt":"2016-07-29T10:26:48","slug":"privacy","status":"publish","type":"page","link":"https:\/\/www.urig-naturig.com\/it\/privacy\/","title":{"rendered":"Privacy"},"content":{"rendered":"<p>Ai sensi dell&#8217; art. 13 del D.Lgs n\u00b0 196 del 30 giugno 2003 informiamo che urig naturig tratta dati personali di clienti e fornitori e di soggetti che ci comunicano volontariamente (via telefono, fax, e-mail o poste) i loro dati anagrafici, o rispettivamente ci vengono comunicati tramite terzi o rilevati da pubblici elenchi. Il presente trattamento riguarda esclusivamente dati comuni e non sensibili. Urig naturig garantisce nell&#8217;ambito delle previsioni normative che il trattamento dei dati personali si svolge nel rispetto dei diritti e delle libert\u00e0 fondamentali, nonch\u00e8 della dignit\u00e0 dell&#8217;interessato, con particolare riferimento alla riservatezza, all&#8217;identit\u00e0 personale e al diritto alla protezione dei dati personali.<\/p>\n<p>Finalit\u00e0 del trattamento<\/p>\n<ul>\n<li>Adempiere agli obblighi di legge, ai regolamenti, alla normativa comunitaria, alle norme civilistiche e fiscali<\/li>\n<li>Adempiere agli eventuali obblighi contrattuali nei confronti dell&#8217;interessato<\/li>\n<li>Adempiere ad attivit\u00e0 connesse all&#8217;attivit\u00e0 economica della nostra societ\u00e0, come compilazione delle anagrafiche e statistiche interne, per la fatturazione, la tenuta della contabilit\u00e0 clienti\/fornitori<\/li>\n<li>Finalit\u00e0 di tipo commerciale, come invio di informazioni commerciali e materiale pubblicitario (via telefono, fax, e-mail o poste), di marketing e ricerche di mercato<\/li>\n<li>La tutela dei crediti e la gestione dei debiti<\/li>\n<li>Finalit\u00e0 assicurative, in particolare per assicurazioni crediti<\/li>\n<\/ul>\n<p>Ambito di comunicazione e diffusione<\/p>\n<ul>\n<li>Alle Pubbliche Amministrazioni ed Autorit\u00e0, ove previsto dalla legge<\/li>\n<li>Ad istituti di credito, con i quali urig naturig ha rapporti per la gestione dei crediti\/debiti e l&#8217;intermediazione finanziari<\/li>\n<li>A tutte quelle persone fisiche e\/o giuridiche, pubbliche e\/o private, quando la comunicazione risulta necessaria o funzionale allo svolgimento della nostra attivit\u00e0 e nei modi e per le finalit\u00e0 sopra elencate<\/li>\n<\/ul>\n<p>I dati personali trattati non sono soggetti a diffusione.<\/p>\n<p>Natura del conferimento: Il conferimento dei dati \u00e8 strettamente necessario per l&#8217;assolvimento di obblighi contrattuali, contabili e fiscali. L&#8217;eventuale non comunicazione, o comunicazione errata, di una delle informazioni obbligatorie, ha come conseguenze ermegenti l&#8217;impossibilit\u00e0 del titolare di garantire la congruit\u00e0 del trattamento stesso ai patti contrattuali e la possibile mancata corrispondenza dei risultati del trattamento agli obblighi imposti dalla normativa fiscale, amministrativa o del lavoro.<\/p>\n<p>Modalit\u00e0 del trattamento: Il trattamento potr\u00e0 effettuarsi con o senza l&#8217;ausilio di mezzi elettronici e comunque automatizzati e comprender\u00e0 tutte le operazioni previste all&#8217;art. 4 comma 1, lettera a del D.Lgs n\u00b0 196 del 30 giugno 2003 e necessarie al trattamento in questione. Comunque il trattamento sar\u00e0 effettuato nell&#8217;osservanza di ogni misura cautelativa, che ne garantisca la sicurezza e la riservatezza.<\/p>\n<p>Il Codice della Privacy conferisce agli interessati l&#8217;esercizio di specifici diritti di cui all&#8217;art. 7, 8, 9 e 10 del D.Lgs n\u00b0 196.<\/p>\n<ul>\n<li>In particolare pu\u00f2 ottenere dal titolare la conferma dell&#8217;esistenza o meno di propri dati personali che lo riguardano e la loro comunicazione in forma intelligibile.<\/li>\n<li>L&#8217;interessato pu\u00f2 altres\u00ec chiedere di conoscere l&#8217;origine dei dati, le finalit\u00e0 e modalit\u00e0 del trattamento nonch\u00e8 la logica applicata in caso di trattamento effettuato con l&#8217;ausilio di strumenti elettronici, l&#8217;identificazione degli estremi identificativi del titolare, dei responsabili nominati e dei soggetti ai quali i dati possono essere comunicati o che possono venirne a conoscenza.<\/li>\n<li>L&#8217;interessato ha il diritto di ottenere l&#8217;aggiornamento, la rettificazione, l&#8217;integrazione, la cancellazione, la trasformazione in via anonima o il blocco dei dati trattati in violazione di legge.<\/li>\n<li>L&#8217;interessato ha il diritto di opporsi, in tutto o in parte, per motivi legittimi al trattamento dei dati personali che lo riguardano, ancorch\u00e8 pertinenti allo scopo della raccolta, e senza motivo al trattamento dei dati personali che lo riguarda ai fini di invio di materiale pubblicitario o di vendita diretta o per il compimento di ricerche di mercato o di comunicazione commerciale.<\/li>\n<\/ul>\n<p>I diritti in oggetto possono essere esercitati, anche per il tramite di un incaricato, mediante richiesta rivolta al responsabile del trattamento dei dati.<\/p>\n","protected":false},"excerpt":{"rendered":"<p>Ai sensi dell&#8217; art. 13 del D.Lgs n\u00b0 196 del 30 giugno 2003 informiamo che urig naturig tratta dati personali di clienti e fornitori e di soggetti che ci comunicano volontariamente (via telefono, fax, e-mail o poste) i loro dati [&hellip;]<\/p>\n","protected":false},"author":1,"featured_media":0,"parent":0,"menu_order":0,"comment_status":"open","ping_status":"open","template":"","meta":{"footnotes":""},"class_list":["post-868","page","type-page","status-publish","hentry"],"aioseo_notices":[],"_links":{"self":[{"href":"https:\/\/www.urig-naturig.com\/it\/wp-json\/wp\/v2\/pages\/868","targetHints":{"allow":["GET"]}}],"collection":[{"href":"https:\/\/www.urig-naturig.com\/it\/wp-json\/wp\/v2\/pages"}],"about":[{"href":"https:\/\/www.urig-naturig.com\/it\/wp-json\/wp\/v2\/types\/page"}],"author":[{"embeddable":true,"href":"https:\/\/www.urig-naturig.com\/it\/wp-json\/wp\/v2\/users\/1"}],"replies":[{"embeddable":true,"href":"https:\/\/www.urig-naturig.com\/it\/wp-json\/wp\/v2\/comments?post=868"}],"version-history":[{"count":3,"href":"https:\/\/www.urig-naturig.com\/it\/wp-json\/wp\/v2\/pages\/868\/revisions"}],"predecessor-version":[{"id":871,"href":"https:\/\/www.urig-naturig.com\/it\/wp-json\/wp\/v2\/pages\/868\/revisions\/871"}],"wp:attachment":[{"href":"https:\/\/www.urig-naturig.com\/it\/wp-json\/wp\/v2\/media?parent=868"}],"curies":[{"name":"wp","href":"https:\/\/api.w.org\/{rel}","templated":true}]}}

<p>Ai sensi dell&#8217; art. 13 del D.Lgs n° 196 del 30 giugno 2003 informiamo che urig naturig tratta dati personali di clienti e fornitori e di soggetti che ci comunicano volontariamente (via telefono, fax, e-mail o poste) i loro dati anagrafici, o rispettivamente ci vengono comunicati tramite terzi o rilevati da pubblici elenchi. Il presente trattamento riguarda esclusivamente dati comuni e non sensibili. Urig naturig garantisce nell&#8217;ambito delle previsioni normative che il trattamento dei dati personali si svolge nel rispetto dei diritti e delle libertà fondamentali, nonchè della dignità dell&#8217;interessato, con particolare riferimento alla riservatezza, all&#8217;identità personale e al diritto alla protezione dei dati personali.</p>
<p>Finalità del trattamento</p>
<ul>
<li>Adempiere agli obblighi di legge, ai regolamenti, alla normativa comunitaria, alle norme civilistiche e fiscali</li>
<li>Adempiere agli eventuali obblighi contrattuali nei confronti dell&#8217;interessato</li>
<li>Adempiere ad attività connesse all&#8217;attività economica della nostra società, come compilazione delle anagrafiche e statistiche interne, per la fatturazione, la tenuta della contabilità clienti/fornitori</li>
<li>Finalità di tipo commerciale, come invio di informazioni commerciali e materiale pubblicitario (via telefono, fax, e-mail o poste), di marketing e ricerche di mercato</li>
<li>La tutela dei crediti e la gestione dei debiti</li>
<li>Finalità assicurative, in particolare per assicurazioni crediti</li>
</ul>
<p>Ambito di comunicazione e diffusione</p>
<ul>
<li>Alle Pubbliche Amministrazioni ed Autorità, ove previsto dalla legge</li>
<li>Ad istituti di credito, con i quali urig naturig ha rapporti per la gestione dei crediti/debiti e l&#8217;intermediazione finanziari</li>
<li>A tutte quelle persone fisiche e/o giuridiche, pubbliche e/o private, quando la comunicazione risulta necessaria o funzionale allo svolgimento della nostra attività e nei modi e per le finalità sopra elencate</li>
</ul>
<p>I dati personali trattati non sono soggetti a diffusione.</p>
<p>Natura del conferimento: Il conferimento dei dati è strettamente necessario per l&#8217;assolvimento di obblighi contrattuali, contabili e fiscali. L&#8217;eventuale non comunicazione, o comunicazione errata, di una delle informazioni obbligatorie, ha come conseguenze ermegenti l&#8217;impossibilità del titolare di garantire la congruità del trattamento stesso ai patti contrattuali e la possibile mancata corrispondenza dei risultati del trattamento agli obblighi imposti dalla normativa fiscale, amministrativa o del lavoro.</p>
<p>Modalità del trattamento: Il trattamento potrà effettuarsi con o senza l&#8217;ausilio di mezzi elettronici e comunque automatizzati e comprenderà tutte le operazioni previste all&#8217;art. 4 comma 1, lettera a del D.Lgs n° 196 del 30 giugno 2003 e necessarie al trattamento in questione. Comunque il trattamento sarà effettuato nell&#8217;osservanza di ogni misura cautelativa, che ne garantisca la sicurezza e la riservatezza.</p>
<p>Il Codice della Privacy conferisce agli interessati l&#8217;esercizio di specifici diritti di cui all&#8217;art. 7, 8, 9 e 10 del D.Lgs n° 196.</p>
<ul>
<li>In particolare può ottenere dal titolare la conferma dell&#8217;esistenza o meno di propri dati personali che lo riguardano e la loro comunicazione in forma intelligibile.</li>
<li>L&#8217;interessato può altresì chiedere di conoscere l&#8217;origine dei dati, le finalità e modalità del trattamento nonchè la logica applicata in caso di trattamento effettuato con l&#8217;ausilio di strumenti elettronici, l&#8217;identificazione degli estremi identificativi del titolare, dei responsabili nominati e dei soggetti ai quali i dati possono essere comunicati o che possono venirne a conoscenza.</li>
<li>L&#8217;interessato ha il diritto di ottenere l&#8217;aggiornamento, la rettificazione, l&#8217;integrazione, la cancellazione, la trasformazione in via anonima o il blocco dei dati trattati in violazione di legge.</li>
<li>L&#8217;interessato ha il diritto di opporsi, in tutto o in parte, per motivi legittimi al trattamento dei dati personali che lo riguardano, ancorchè pertinenti allo scopo della raccolta, e senza motivo al trattamento dei dati personali che lo riguarda ai fini di invio di materiale pubblicitario o di vendita diretta o per il compimento di ricerche di mercato o di comunicazione commerciale.</li>
</ul>
<p>I diritti in oggetto possono essere esercitati, anche per il tramite di un incaricato, mediante richiesta rivolta al responsabile del trattamento dei dati.</p>
